00193 a composite number?
True
Is 11223721 prime?
False
Is 26079674662 a composite number?
True
Is 78694085185 a prime number?
False
Is 333924611 composite?
False
Is 1286081477 prime?
False
Is 30533456563 a prime number?
True
Is 13146474171 prime?
False
Is 95956339 prime?
False
Is 8566184227 prime?
False
Is 134731903 composite?
True
Is 11469487163 a prime number?
True
Is 879570913 composite?
True
Is 1152624581 a prime number?
False
Is 59884126597 prime?
True
Is 4193619421 prime?
False
Is 487074641 a prime number?
True
Is 65497051 prime?
False
Is 407254889 a composite number?
False
Is 89459347 prime?
False
Is 5643697639 a composite number?
False
Is 3094470299 a composite number?
True
Is 5710067779 prime?
False
Is 229539853 composite?
True
Is 8196303389 composite?
False
Is 76686571153 a prime number?
False
Is 5456435717 a composite number?
True
Is 25525721359 a prime number?
True
Is 9003535769 composite?
False
Is 123101753 a composite number?
True
Is 463813956907 prime?
False
Is 2041170649 prime?
False
Is 572959943 composite?
False
Is 64888843 composite?
True
Is 8701354523 prime?
True
Is 293509211 a composite number?
True
Is 695563021 prime?
True
Is 253512587 a prime number?
True
Is 12857309869 composite?
False
Is 14556462523 a composite number?
True
Is 15660160577 a prime number?
False
Is 1590646387 a composite number?
True
Is 100865263 a composite number?
False
Is 1124316889 composite?
True
Is 1585823131 a prime number?
True
Is 3387104657 composite?
False
Is 365787897 a prime number?
False
Is 6037762631 a composite number?
True
Is 39958259129 composite?
False
Is 117653773 composite?
True
Is 9594998761 prime?
False
Is 8556450563 prime?
True
Is 16885692709 composite?
True
Is 1308958073 prime?
True
Is 7365795023 a composite number?
False
Is 11523975037 prime?
False
Is 70926964813 composite?
True
Is 1859914601 prime?
True
Is 97678657309 a prime number?
True
Is 9805253179 prime?
True
Is 7151001301 prime?
True
Is 3664319819 a composite number?
True
Is 2872204981 composite?
False
Is 651778759 a prime number?
False
Is 22277755847 prime?
False
Is 24330161797 a prime number?
False
Is 11330934727 composite?
True
Is 30479617681 composite?
False
Is 317756773 a composite number?
False
Is 320475713 a prime number?
True
Is 30919518731 prime?
False
Is 4578971531 a composite number?
True
Is 1319121269 prime?
False
Is 7287208673 a prime number?
False
Is 819399401 a prime number?
False
Is 175331101 a composite number?
True
Is 1254375217 prime?
False
Is 11899632869 composite?
False
Is 354160409 a prime number?
True
Is 21227847967 composite?
False
Is 290028239 prime?
True
Is 1692444529 prime?
True
Is 445883551 prime?
True
Is 67770563059 a prime number?
True
Is 675861313 a prime number?
True
Is 15465567889 composite?
False
Is 1597728263 a composite number?
False
Is 20531125883 prime?
False
Is 310341917 a composite number?
True
Is 6629833142 composite?
True
Is 299762999 prime?
False
Is 235103243 prime?
False
Is 67783011793 prime?
False
Is 13187775301 a prime number?
False
Is 31096491131 a prime number?
False
Is 84328301 a composite number?
True
Is 43477553341 prime?
False
Is 315651421 a composite number?
False
Is 7847740961 composite?
False
Is 47321205257 a composite number?
False
Is 66455968309 a composite number?
False
Is 8583149937 a prime number?
False
Is 10571021207 composite?
False
Is 1517821531 composite?
False
Is 13524389 prime?
True
Is 15108671971 prime?
True
Is 2848542839 a prime number?
True
Is 6041734381 composite?
False
Is 403350887 a composite number?
False
Is 822465911 a prime number?
False
Is 12216001757 composite?
True
Is 14010445067 prime?
False
Is 37032104539 prime?
False
Is 5583770791 a prime number?
True
Is 54624643121 a composite number?
False
Is 5117978401 a prime number?
False
Is 21276931079 prime?
False
Is 1074402659 a composite number?
True
Is 114668966795 a composite number?
True
Is 305078907299 a composite number?
True
Is 66520803593 prime?
True
Is 48495050789 composite?
False
Is 3849975163 a prime number?
False
Is 1235808043 prime?
True
Is 691954799 a prime number?
True
Is 2311931221 composite?
False
Is 15134888101 prime?
True
Is 56785038797 a composite number?
False
Is 45297096707 composite?
True
Is 32048153 composite?
False
Is 102341909 prime?
False
Is 79755451 prime?
False
Is 236230333 a prime number?
False
Is 11623003409 a composite number?
True
Is 9359997 a composite number?
True
Is 1697869941 a composite number?
True
Is 621491939 prime?
False
Is 17428116131 prime?
True
Is 1053440873 prime?
False
Is 124794301711 a prime number?
True
Is 92720401 prime?
True
Is 101003699 composite?
False
Is 7613859959 a prime number?
True
Is 808721209 a composite number?
True
Is 1796922023 prime?
False
Is 11757349327 composite?
False
Is 637531887 composite?
True
Is 20700471359 a prime number?
True
Is 207651439 a composite number?
False
Is 210615469 a composite number?
False
Is 25424720119 composite?
False
Is 1017478589 prime?
True
Is 17581196387 a composite number?
True
Is 466663777 composite?
True
Is 85112720513 a prime number?
False
Is 2410922287 prime?
True
Is 7118786219 composite?
False
Is 14427373537 composite?
True
Is 121979280443 prime?
False
Is 8189621719 prime?
True
Is 1611421909 a prime number?
False
Is 33834286273 prime?
True
Is 3004634273 a prime number?
False
Is 636298357 a composite number?
False
Is 21380960059 a prime number?
False
Is 890867429 a composite number?
True
Is 101594174039 a prime number?
True
Is 418705765 prime?
False
Is 4894094141 a prime number?
True
Is 32287770731 composite?
False
Is 71279635301 prime?
False
Is 7347360233 a composite number?
True
Is 19345065937 a composite number?
False
Is 86266657 composite?
True
Is 148141057 composite?
True
Is 1149925009 a prime number?
False
Is 33871224973 a prime number?
True
Is 37313255171 a prime number?
False
Is 38497225199 a prime number?
False
Is 6756444271 composite?
False
Is 2696289067 prime?
True
Is 153981311 composite?
True
Is 3703572647 a prime number?
False
Is 2109535217 a prime number?
False
Is 25203551891 a prime number?
False
Is 355265299 composite?
False
Is 33942993641 a prime number?
True
Is 1276753607 composite?
True
Is 2337144947 a prime number?
False
Is 772929869 a composite number?
True
Is 9823565593 a prime number?
True
Is 51647045693 a prime number?
False
Is 1954061917 a prime number?
False
Is 315601271 a composite number?
False
Is 221776361 a prime number?
True
Is 223138319 a prime number?
True
Is 21426152509 a prime number?
True
Is 2539178819 a prime number?
False
Is 3444122555 a prime number?
False
Is 1443383 prime?
True
Is 37023513113 composite?
True
Is 25965330483 a composite number?
True
Is 401205041 prime?
True
Is 1617144509 a composite number?
True
Is 12908902967 composite?
True
Is 206590183 prime?
True
Is 1582243187 prime?
False
Is 273339187919 composite?
True
Is 29143309603 composite?
True
Is 372387473 a composite number?
False
Is 128429173 a composite number?
False
Is 46582693907 prime?
True
Is 8385593761 a composite number?
False
Is 9418117937 a prime number?
False
Is 3358912061 prime?
True
Is 226372031 a composite number?
True
Is 331515377 composite?
False
Is 420020737 prime?
True
Is 176878201 a prime number?
False
Is 1240132277 prime?
False
Is 32530763789 composite?
False
Is 4017061669 composite?
True
Is 3652803269 a composite number?
True
Is 59907503059 composite?
True
Is 67840931129 composite?
False
Is 126997831 a prime number?
False
Is 216021719 prime?
True
Is 125550141 a prime number?
False
Is 258848555557 prime?
False
Is 1025396773 prime?
False
Is 219974743 prime?
False
Is 2732122279 a prime number?
True
Is 2716850011 prime?
False
Is 65022243073 composite?
False
Is 313181501 prime?
False
Is 278188639 prime?
True
Is 64715854691 a composite number?
True
Is 123692746459 a composite number?
False
Is 2226666973 a prime number?
True
Is 298618093 a prime number?
False
Is 7906378577 composite?
False
Is 731285063 a composite number?
False
Is 2943856837 prime?
False
Is 11869535113 prime?
True
Is 445048031 a composite number?
False
Is 12635417174 a composite number?
True
Is 28995526697 composite?
False
Is 22736058959 a prime number?
True
Is 512608541 a composite number?
False
Is 814475503 a prime number?
True
Is 169485961 composite?
True
Is 416945523